7*w + 36. Suppose 2*r - 36 = -j - 1, 2*j + r - 61 = 0. What is the units digit of l(j)?
7
Suppose -10280 = -5*r - 5*b, 3*r - 2*b + 6*b = 6173. Let p = 3326 - r. What is the tens digit of p?
7
Let i = -71 + 78. Let l = i + -1. What is the units digit of 1/6 + 35/l?
6
Let h(g) = -3*g - 6. Let y be h(-10). Let w be 46/(-10) - (-5)/(75/9). Let z = w + y. What is the units digit of z?
0
Suppose 0 = -5*z - 2*b + 12818, -207*b = 5*z - 209*b - 12842. What is the hundreds digit of z?
5
Let h(t) = t**2 - t + 8. Let b be (-2)/(-9) - (-4)/(-18). Let d be h(b). What is the tens digit of (-396)/(-8) - -2 - 4/d?
5
Suppose 0 = -0*s + 5*s - 185. Let x = s + -35. Suppose -4*j = 2*p - 5*p + 224, -x*p + 144 = -4*j. What is the tens digit of p?
8
Let j be 26/4 + 14/(-28). Suppose -5*u = 2*b - j*b - 2224, 5*b - 439 = -u. What is the units digit of u?
4
Suppose -4*h = -12, -4*u + 6*h + 37 = 5*h. Suppose 12*v + 32 = u*v. What is the units digit of 104 + v - 1*4?
4
Let z(c) be the first derivative of c**3/3 + 80*c - 82. What is the units digit of z(-18)?
4
Suppose -8*i + 8 = -2*v - 12*i, -5*i = -2*v + 28. Suppose -p + 1403 = y + 2*p, 3*y + v*p = 4209. What is the thousands digit of y?
1
Let n(x) = -1644*x - 21. Let v be n(-10). Suppose -16*g + 3229 = -v. What is the tens digit of g?
2
Let o(k) = 251*k**2 + 23*k + 52. Let m be o(-7). Suppose 0 = 9*d - 19*d + m. What is the thousands digit of d?
1
Let q(h) = -34*h**3 + h**2 + 6*h. Let n(f) = f**2 + 25*f + 46. Let r be n(-9). Let t = -100 - r. What is the hundreds digit of q(t)?
2
Let l = 96 - 93. Suppose l*z - 16 = -4*c + 99, -5*z + 89 = 3*c. Let x = 131 + c. What is the hundreds digit of x?
1
Let s = 4784 - -9515. What is the thousands digit of s?
4
Suppose 0 = -4*h + 8, 8*h - 8882 = -5*i + 12*h. What is the units digit of i?
8
Let z(k) = -k**2 + 45*k + 155. Let b be z(40). Suppose 2*g - 291 = b. What is the tens digit of g?
2
Let x(n) = -n**3 + 2*n**2 + 2*n + 3. Let l be 2 + -6 + 1 - -1*9. Let g be 1*9/(-6)*(-8)/l. What is the units digit of x(g)?
7
Suppose -20*h - 5*m = -104845, -3*h + 4*m + 25204 - 9501 = 0. What is the thousands digit of h?
5
Suppose 0 = 5*k + 5*u - 605, k = 5*u + 68 + 47. Suppose -3*l - 462 - k = 0. Let f = -99 - l. What is the tens digit of f?
9
Let t = 6654 - -12. What is the units digit of t?
6
Let f(q) = -q**3 - 1. Let l(y) = -8*y**3 + 8*y**2 - 4*y - 7. Let c(n) = 6*f(n) - l(n). Suppose -a = -5 - 1. What is the hundreds digit of c(a)?
1
Suppose -6*o + 7*o = 3. Suppose -3*p + 621 = 2*b, 0*b - 936 = -3*b - o*p. Let j = b + -150. What is the tens digit of j?
6
Let j = 1679 - -205. What is the units digit of j?
4
Let u(h) = 4*h**3 + 5*h**2 - 4*h + 3. Let s be (-6)/(-4) + (763/(-2))/(-7). Let w be s/21 - 2/3. What is the units digit of u(w)?
7
Let a(p) be the second derivative of 57*p**3/2 - 4*p**2 - 2*p - 3. What is the hundreds digit of a(1)?
1
What is the units digit of 50535/6*1430/165?
5
Let f(b) = -9*b - 1 + 3 + 4*b + 7*b. Let g be f(-2). What is the tens digit of 4/(g/100*-5)?
4
Suppose 0 = -3*b - u + 11, 3 = -b + 4*u - 15. Suppose 4*l + 4*n - 4732 = 0, b*n = l - 263 - 926. What is the tens digit of l?
8
Let y be (2/(-10) + (-3)/(-15))/(-2). Suppose 0 = -2*n + 93 + 71. Suppose y*s = -s + n. What is the tens digit of s?
8
What is the hundreds digit of 23 - -1 - 41 - -11974?
9
Let s(j) = 89*j**3 - 11*j**2 - 6*j + 70. What is the thousands digit of s(5)?
0
Let f(j) = -j**3 + 9*j**2 - 4*j + 3. Let t be f(4). Let p = 106 - t. What is the tens digit of p?
3
Let l = 6855 + -5956. What is the tens digit of l?
9
Suppose z - 1 = -11. Let s(m) = m**2 + 11*m + 10. Let l be s(z). Suppose 5*b = 5*p + 55, l = -3*b + 4*p + 37 - 2. What is the units digit of b?
9
Let r(f) = 8*f**2 - 9*f - 97. Let y be r(10). Let w = y - -539. What is the tens digit of w?
5
Suppose u + 0*u = 6*u. Suppose -2*v + 5*v - 9 = u. Suppose v*g + 4*z - 89 = 0, 4*z + 53 = 3*g + 4. What is the tens digit of g?
2
Let o(f) = -187*f + 16228. What is the hundreds digit of o(75)?
2
Suppose -5*s = -2*x + 49 - 126, 0 = 3*s + 5*x - 71. Suppose s*w - 10*w = 0. Suppose -3*f = -2*y + 366, y + w*f + 5*f - 183 = 0. What is the units digit of y?
3
Suppose -9*t - 9 = -12*t. Suppose 0 = -2*m + 3*b - 2*b + t, -31 = -4*m - 3*b. Suppose 0 = l + 3, 2*q + 213 = m*q + l. What is the hundreds digit of q?
1
Let d = -41 - -54. Suppose 6*k + 1 = d. Suppose k*v - 284 = -q, -v + 6*q = q - 142. What is the hundreds digit of v?
1
Let s = 5311 + -3047. What is the units digit of s?
4
Suppose 30 = 5*u + 5. Suppose -2*a = 10, -4*a - 45 = -u*o - a. Suppose -4*b - t + 7 = -b, b + 4*t - o = 0. What is the units digit of b?
2
Suppose 0 = -v - 4*t + 25783, t = 23*v - 26*v + 77393. What is the tens digit of v?
9
Suppose 37*q - 2976 = 9715. What is the hundreds digit of q?
3
Let l = -99 - -173. Let j = -58 + l. Suppose 21*u = j*u + 115. What is the tens digit of u?
2
Let v(p) = -5*p**3 - 8*p**2 + 41*p + 20. What is the thousands digit of v(-11)?
5
What is the thousands digit of (13 - (-21636 - -15))*1?
1
Suppose -3*x - 8980 + 50515 = 0. What is the thousands digit of x?
3
Suppose 0 = 3*o + 6, -5*y - 13208 + 67597 = -2*o. Suppose -33*c + 2554 + y = 0. What is the units digit of c?
7
Suppose -17*v + 882 = -14*v. Let r = 342 + v. What is the tens digit of r?
3
Let i(l) be the third derivative of -l**6/720 + 23*l**5/120 + 7*l**4/6 + 6*l**2. Let q(c) be the second derivative of i(c). What is the units digit of q(-24)?
7
Suppose 173*l = 65*l - 69*l + 6949905. What is the hundreds digit of l?
2
Suppose -2*k + 3*g - 675 = 0, 0 = k - 5*g + 227 + 100. Let y = 836 + k. What is the tens digit of y?
9
Let w be (-7)/(-28) - (-38)/8. Suppose 4*n + 0*v + 5*v - 387 = 0, -v + 98 = n. Let j = w + n. What is the hundreds digit of j?
1
Let t = 36993 - 4523. What is the thousands digit of t?
2
Let m = 9706 + -2734. What is the tens digit of m?
7
Suppose -2*v + 35035 = 11*v. Let s = -1859 + v. What is the units digit of s?
6
Suppose 2*r - 10*r = 224. Let d be (-343)/(-5) + 4/10. Let s = r + d. What is the units digit of s?
1
Suppose -22*a = -168 - 3264. Suppose 0 = a*t - 149*t - 1526. What is the hundreds digit of t?
2
Let s(p) = 46*p**2 + 34*p - 599. What is the units digit of s(14)?
3
Let l(j) = -5*j + 13. Let z(p) = -p**2 + 18*p - 17. Let a be z(17). Let g be l(a). Suppose -g*m = -14*m + 121. What is the units digit of m?
1
Suppose 111 = 4*d - 29. Suppose 0 = -5*u - 0*u + d. What is the hundreds digit of 5*(931/5)/u?
1
Let u = 93 + 66. Suppose 0*m + 3*m + 5*g = 101, 5*m - u = g. What is the tens digit of m?
3
Let k be (2/(-15))/(-1) + 4224/720. Suppose 0 = -21*j + k*j + 8940. What is the tens digit of j?
9
Let v(l) = 12*l - 53. Let r be v(5). Suppose -4*j + 52 = h, r*j - 9*j - 3*h = -26. What is the units digit of j?
3
Suppose -w - 84*q = -81*q - 9465, -5*q = -5*w + 47385. What is the tens digit of w?
7
Let t(j) be the third derivative of -j**4/12 + 13*j**3/3 + 5*j**2. Suppose -2*z + 4*v - 50 = 0, -5*z + 4*v = -9*z - 52. What is the units digit of t(z)?
0
Let f = 446 + -342. Suppose 2*j = g - 819, 5*g - f*j - 4065 = -100*j. What is the hundreds digit of g?
8
Suppose -2*n - 20 = 4*o, -o = -3*n + 110 - 105. Suppose u + 3148 + 909 = 4*l, -3*l - 5*u + 3037 = n. What is the hundreds digit of l?
0
Let k = -110 + 155. Suppose 0 = n - 4, -s + 3*n = -4*s + k. What is the units digit of s?
1
Let l be 481/104 - 6/(-16). Suppose l*c - 987 = -2*h - 401, 5*h + 3*c - 1484 = 0. What is the hundreds digit of h?
2
Let i(a) = -2*a**2 + 18*a - 9. Let q be i(3). Suppose r + 77 = -4*x, 3*r + 170 + 97 = -3*x. Let f = q - r. What is the hundreds digit of f?
1
Let h(m) = -34*m - 43 + 21*m + 56*m. What is the tens digit of h(19)?
7
Let f be (-4*(-1)/(-10))/(5/(-25)). What is the hundreds digit of (1 - (-2 + f))/(12/7380)?
6
Let l be (-2 - 0) + 24 - (-6)/3. Let f(k) = -881 - l*k**3 + 9*k**3 + 877. What is the tens digit of f(-2)?
1
Let x(v) = 3*v**2 - 2*v + 1. Let m be x(1). Let j = 1034 - 1034. Suppose -278 = -j*r - 3*r - 2*l, -5*r = m*l - 470. What is the units digit of r?
6
Suppose 3*x - 2*t - 19 = 0, 5*x + 216*t = 215*t + 36. Let m(i) = -3*i + 36. Let d(r) = r + 1. Let f(k) = 15*d(k) - m(k). What is the units digit of f(x)?
5
Suppose -15*r + 41 + 94 = 0. Suppose -r*a + 19*a = -80. What is the tens digit of (-428)